-29 = -5*q + 96. Let y(x) = -x + 3. Let f(s) = 2*s + 6. Let c be f(-6). Calculate the remainder when q is divided by y(c).
7
Suppose 0 = -3*m - 6 + 21. Let i = -7 + 34. Calculate the remainder when i is divided by 43/3 + m/(-15).
13
Let n = 57 - 22. What is the remainder when 137 is divided by n?
32
Suppose -2*j + 0*j = -52. Suppose t = 2*p + 2, p + 2*p + 8 = -t. Let z(w) = -2*w**3 - 2*w**2 - 4*w - 2. Calculate the remainder when j is divided by z(t).
12
Let p(k) = 20*k**2 + 4*k + 2. What is the remainder when p(-2) is divided by 11?
8
Let r(g) = g + 3. Calculate the remainder when r(3) is divided by 3.
0
Let k be 6/(-4)*(-5 + 11). What is the remainder when ((-6)/k)/(1/51) is divided by 18?
16
Let m = 18 - 5. Let s(q) = 3*q - 5. Let c be (6/5)/(21/70). Calculate the remainder when m is divided by s(c).
6
Let y be 3*2/3 + 3. Suppose 0 = i - y*p - 24, -3*p = i - 0*p. Calculate the remainder when i is divided by 5.
4
Let o(r) be the first derivative of -r**3/3 - 15*r**2/2 + 7*r - 1. Calculate the remainder when o(-11) is divided by 13.
12
Suppose 4*r + i - 36 = -4*i, -r - 8 = -3*i. Calculate the remainder when 22 is divided by r.
2
Suppose -5*h + 70 = -4*w, 4*h = 3*w + 31 + 24. Calculate the remainder when 26 is divided by h.
6
Let t(c) = 2*c + c - 5*c - 1. Suppose 0 = -2*w + w + 6. Calculate the remainder when t(-6) is divided by w.
5
Let g(b) = -2*b**2 + b + 2. Let x be g(2). Let a(w) = w**3 + 5*w**2 + w + 2. Calculate the remainder when a(x) is divided by 3.
2
Let x = -35 + 59. Suppose -5*a + 0*d = -4*d - 35, x = 3*a - 3*d. Calculate the remainder when 11 is divided by a.
2
Let f(o) = -o**3 - 3*o**2 + 4*o + 1. What is the remainder when ((-6)/4)/((-9)/12) is divided by f(-4)?
0
Let h be (2 - 8)*(-3)/(-6). Calculate the remainder when 10 is divided by h/(2 - 11/4).
2
Let o(h) = -3*h**2 - 35*h - 13. Calculate the remainder when 33 is divided by o(-11).
6
Let c = 31 + -6. Calculate the remainder when 73 is divided by c.
23
Suppose -12 = -2*k + 4*o, -11 = -4*k + 3*o + 8. Suppose 2*n - 5*u - 3 = 8, -7 = -3*n - 2*u. Let x = n - -10. What is the remainder when x is divided by k?
1
Suppose 3*k = -3*y + 84, 3*y + 4*k + 13 = 96. Calculate the remainder when y is divided by 15.
14
Let a be 0/(-3 - 0) - -3. Suppose -58 = 2*v - a*v. Calculate the remainder when v is divided by 15.
13
Let i = -104 - -119. What is the remainder when 56 is divided by i?
11
Let c(y) = 4*y**2 - 4*y + 6. What is the remainder when c(3) is divided by 11?
8
Suppose -2*p + 2 = -3*m, p - 4*m = 5 + 1. Suppose 3*h + h - 88 = 0. Calculate the remainder when h is divided by (2/5)/(p/(-60)).
10
Let u = 85 + -60. Let f = 27 - 11. Let h = u + f. Calculate the remainder when h is divided by 11.
8
Suppose -25 = 5*z, -5*v + z = -2*v - 11. Suppose 3*j + v*j = 70. Calculate the remainder when 41 is divided by j.
13
Suppose -4 = -q - 3*l - 5, -4 = -4*q - 4*l. Calculate the remainder when 2 is divided by q.
0
Suppose 3 = -o - 4*r, 3*o - 7 = o + 5*r. Suppose -3*s = -3*f + 3, s - o = 3*f - 10. What is the remainder when s/(6/13)*2 is divided by 5?
3
Let h be 8/(-10)*375/6. Let n = h + 79. Let o = -3 - -13. Calculate the remainder when n is divided by o.
9
What is the remainder when 9 is divided by (-30)/75 - 44/(-10)?
1
Suppose 5*f + 0*l - 142 = -3*l, 3*f + 2*l - 85 = 0. Calculate the remainder when f is divided by (-12)/(2/((-8)/6)).
5
Let x(n) = 20*n - 7. Let i(w) = -7*w + 2. Let p(t) = -17*i(t) - 6*x(t). Calculate the remainder when p(-7) is divided by 8.
7
Suppose -2*f + 0 = -6. Suppose -f*s - 72 = -204. Calculate the remainder when s is divided by 15.
14
Let j = -77 + 149. What is the remainder when j is divided by 37?
35
Suppose 2*u + i = 13, 5*i + 4 + 1 = 0. Suppose 52 = -6*n + 10*n. What is the remainder when n is divided by u?
6
Suppose 3*s - 14 = s. Let g(p) = 2*p**3 - 3*p**2 + p + 1. Let h be g(4). Suppose 3*j + s - h = 0. Calculate the remainder when j is divided by 14.
12
Let n = -7 - -11. Suppose g = -3*g + 5*c + 23, -3*g - n*c = -25. What is the remainder when g is divided by 3?
1
Suppose -5*q + 3*q = -98. Suppose l + g - 62 = 0, -7 + 3 = 2*g. Suppose -5*k + 21 = -l. What is the remainder when q is divided by k?
15
Suppose 0 = -5*l + m + 26, -5*m - 10 = -8*l + 3*l. Let k = 18 - l. Calculate the remainder when 23 is divided by 47/4 + 3/k.
11
Let f(o) be the second derivative of o**4/12 + o**3/6 + o**2/2 - 3*o. Let s be ((-2)/3)/((-2)/(-12)). What is the remainder when 24 is divided by f(s)?
11
Let k be (-52)/(-20) + 2/5. Let x = k + -1. What is the remainder when x is divided by 1?
0
What is the remainder when 22 is divided by 2/13 + 178/26?
1
Let r(q) = -q**3 + 2*q**2 + 2. What is the remainder when 34 is divided by r(-2)?
16
Suppose 5*k = 43 - 13. Let p = k - 3. Let x(a) = -a**3 - 3*a**2 + a - 5. Calculate the remainder when x(-4) is divided by p.
1
Let y be 1*(1 + 4 + 0). Suppose 0*o = y*o. What is the remainder when 11 is divided by (-1)/(o - 1/4)?
3
Suppose 5*n - 53 - 12 = 0. Suppose 74 = -6*l + 374. What is the remainder when l is divided by n?
11
Let c = -12 + 17. Calculate the remainder when (2 + 32/(-2))/(-1) is divided by c.
4
Suppose 3*h = 6, 0 = r - 0*r - 4*h - 3. Suppose -21 = -4*j + r. What is the remainder when 15 is divided by j?
7
Suppose 6*i - 2*i - 104 = 0. Let q = 36 - i. What is the remainder when ((-2)/(-4) + 0)*(-9 + 67) is divided by q?
9
Suppose 0 = -t - 3*t - 5*q + 21, 30 = 4*t + 2*q. Suppose 14 - 84 = -2*s. Calculate the remainder when s is divided by t.
8
Suppose -12*h + 54 + 54 = 0. Calculate the remainder when 80 is divided by h.
8
Suppose -4*t - 69 = -5*z, 0 = -4*z + 3*t - 2*t + 53. Let u = 5 + -9. Calculate the remainder when z is divided by u/10 - (-27)/5.
3
Let m be (-4 + 5)*0/1. Suppose 3*y + 33 - 114 = m. Calculate the remainder when y is divided by 14.
13
Suppose -2*r - 2*r + 40 = 0. Suppose -2*x + 4 = -52. What is the remainder when x is divided by r?
8
Let c = -11 + 20. Calculate the remainder when ((-4)/3)/(10/(-195)) is divided by c.
8
Suppose -3*h + 5*r + 72 = 0, -h - r = 3*h - 73. What is the remainder when h + (2 - (4 + 0)) is divided by 6?
5
Let c = 43 - 31. Suppose 3*a + l - 3*l - 103 = 0, -4*a - 2*l = -142. What is the remainder when a is divided by c?
11
Suppose -5*g - n = -5*n - 7, 0 = -4*n + 8. Let a(r) = 6*r - 4. Calculate the remainder when 27 is divided by a(g).
13
Suppose 0 = 2*q + 3*q - d - 42, -2*d = -4*q + 30. Let z = 140 + -74. Let i = -40 + z. Calculate the remainder when i is divided by q.
8
Let m(z) = z**3 + 10*z**2 + 12*z + 3. Let q be m(-8). Suppose -3*k + 2*x + 3*x + q = 0, 22 = 2*k - 2*x. What is the remainder when 28 is divided by k?
8
Let z = -16 - -46. Calculate the remainder when z is divided by 8.
6
Calculate the remainder when 68/(-8)*-16 - 2 is divided by 34.
32
Let j = 16 - 6. What is the remainder when -4 + 2 - -31 - 1 is divided by j?
8
Let v = -6 - -9. Suppose -2*o = -2*k - 24, -5*o = -2*k - 9 - 48. What is the remainder when 0/2 - v*-7 is divided by o?
10
Suppose 3*q = -q + 12. What is the remainder when (-22)/(-3) - 1/3 is divided by q?
1
Let l(m) = -m**2 + 6*m. Let z be l(6). Let o(n) = -3*n + 58. Calculate the remainder when z*(-3 + 2) - -87 is divided by o(12).
21
Let s = 13 - 5. Calculate the remainder when 23 is divided by s.
7
What is the remainder when 9*2/(-6)*-2 is divided by 5?
1
Let i = -21 - -56. Suppose -2*b - 2*b + 30 = -2*k, -3*k = 3*b + 9. Let q = 19 + k. What is the remainder when i is divided by q?
11
What is the remainder when 29 is divided by (-8)/(-5)*(-5 + 10)?
5
Suppose 5*s = 149 - 34. Suppose 4*r = f + 13, 2*r - 7*r = -3*f - 11. Let j = r + 8. What is the remainder when s is divided by j?
11
Suppose -5*q = 0, 0*g - 5 = -g - 5*q. Suppose -g*w - 6 + 21 = 0. Calculate the remainder when w is divided by 3.
0
Suppose -36 = -i - 5*o, 0 = -4*i - 4*o + 30 + 34. Let d = 11 + 9. Calculate the remainder when d is divided by i.
9
What is the remainder when 5/(25/(-6))*-15 is divided by 10?
8
Suppose 20*c - 7*c = 234. Calculate the remainder when c is divided by 7.
4
Let x = 163 - -54. Calculate the remainder when x is divided by 20.
17
Let w be 21/(-5) + (-3)/(-15). Let o = w + 13. What is the remainder when 17 is divided by o?
8
Let t(q) = 17*q**2. Let j = 10 + -7. Suppose 0 = -3*y - 9, g 